{"id":3,"date":"2023-01-25T12:32:10","date_gmt":"2023-01-25T12:32:10","guid":{"rendered":"http:\/\/canb.cat\/clubnoubarris\/?page_id=3"},"modified":"2025-12-11T18:54:11","modified_gmt":"2025-12-11T17:54:11","slug":"politica_privacitat","status":"publish","type":"page","link":"https:\/\/canb.cat\/clubnoubarris\/index.php\/politica_privacitat\/","title":{"rendered":"Pol\u00edtica privacitat"},"content":{"rendered":"\n<p><strong>Protecci\u00f3 de dades de car\u00e0cter personal segons la LOPD<\/strong><\/p>\n\n\n\n<p>El Club d\u2019Atletisme Nou Barris, en aplicaci\u00f3 de la normativa vigent en mat\u00e8ria de protecci\u00f3 de dades de car\u00e0cter personal, informa que les dades personals que es recullen a trav\u00e9s dels formularis del Lloc web: www.canb.cat i www.cursanoubarris.cat, s\u2019inclouen en els fitxers automatitzats espec\u00edfics d\u2019usuaris dels serveis del Club. La recollida i tractament automatitzat de les dades de car\u00e0cter personal t\u00e9 com a finalitat el manteniment de la relaci\u00f3 comercial i l\u2019acompliment de tasques d\u2019informaci\u00f3, formaci\u00f3, assessorament i altres activitats pr\u00f2pies de la gesti\u00f3 del Club. Aquestes dades \u00fanicament seran cedides a aquelles entitats que siguin necess\u00e0ries amb l\u2019\u00fanic objectiu de donar compliment a la finalitat anteriorment exposada . El Club d\u2019Atletisme Nou Barris adopta les mesures necess\u00e0ries per garantir la seguretat, integritat i confidencialitat de les dades conforme al que es disposa en el Reglament (UE) 2016\/679 del Parlament Europeu i del Consell, de 27 d\u2019abril de 2016, relatiu a la protecci\u00f3 de les persones f\u00edsiques pel que fa al tractament de dades personals i a la lliure circulaci\u00f3 dels mateixos. L\u2019usuari podr\u00e0 a qualsevol moment exercitar els drets d\u2019acc\u00e9s, oposici\u00f3, rectificaci\u00f3 i cancel\u00b7laci\u00f3 reconeguts en el citat Reglament (UE). L\u2019exercici d\u2019aquests drets pot realitzar-ho el propi usuari a trav\u00e9s d\u2019email a:&nbsp;info@canb.cat&nbsp;o en l\u2019adre\u00e7a: Via Fav\u00e8ncia, 446-450, 08016 Barcelona. L\u2019usuari manifesta que totes les dades facilitades per ell s\u00f3n certs i correctes, i es compromet a mantenir-los actualitzats, comunicant els canvis al Club d\u2019Atletisme Nou Barris.<\/p>\n\n\n\n<p><strong>Pol\u00edtica sobre cookies<\/strong><\/p>\n\n\n\n<p>La majoria de les p\u00e0gines web que visiteu utilitzen cookies d\u2019una manera o altre per millorar l\u2019experi\u00e8ncia del usuari i millorar els serveis i funcionalitats del lloc web. Aquesta pol\u00edtica descriu qu\u00e8 s\u00f3n les cookies, quins diferents tipus de cookies hi ha, com les utilitzem en la nostra p\u00e0gina web i que has de fer si desitges configurar els par\u00e0metres de les cookies.<br>Recorda que utilitzant el nostre lloc web, acceptes el nostre \u00fas de cookies tal i com es descriu en aquesta pol\u00edtica de cookies.<\/p>\n\n\n\n<p>Les cookies s\u00f3n cadenes d\u2019informaci\u00f3 (nom\u00e9s text) que guardem al teu ordinador de sobretaula, port\u00e0til o dispositiu m\u00f2bil quan visites un lloc web. A continuaci\u00f3, cada vegada que tornis a visitar aquest lloc web, el teu navegador web torna a enviar aquestes cookies en aquest lloc web, o un altre lloc web que reconegui aquestes cookies. Les cookies s\u00f3n molt \u00fatils, i poden usar-se per diferents motius, com permetre navegar entre p\u00e0gines amb m\u00e9s efic\u00e0cia, recordar les teves prefer\u00e8ncies, d\u2019aquesta manera accelera i facilita la teva interacci\u00f3 amb el lloc web. Les cookies tamb\u00e9 s\u2019utilitzen per contribuir a garantir que la publicitat que veus en l\u00ednia sigui rellevant per als teus gustos i interessos.<\/p>\n\n\n\n<p>Les cookies es poden instal\u00b7lar tant per al lloc web que est\u00e0s visitant (cookies d\u2019origen) com per a llocs web de tercers que tenen contingut en el lloc web que est\u00e0s visitant (cookies de tercers). Es poden guardar mentre visites el web, o per repetides visites. Utilitzarem els seg\u00fcents termes per descriure l\u2019emmagatzematge de cookies:<\/p>\n\n\n\n<p>Cookie de sessi\u00f3: cookie que ens permet monitoritzar les teves accions durant una sessi\u00f3 de navegador. Una sessi\u00f3 de navegador comen\u00e7a quan obres la finestra del navegador, i finalitza quan la tanques. Les cookies de sessi\u00f3 es creen de forma temporal, i s\u2019esborren un cop es tanca la finestra del navegador.<\/p>\n\n\n\n<p>Cookie permanent: cookie que roman en el teu dispositiu durant el per\u00edode de temps especificat a la cookie, i que s\u2019activa cada vegada que visites el lloc web en qu\u00e8 es va crear aquesta cookie en particular.<\/p>\n\n\n\n<p>Hi ha quatre tipus principals de cookies:<\/p>\n\n\n\n<p>Cookies t\u00e8cniques: s\u00f3n estrictament necess\u00e0ries i essencials perqu\u00e8 puguis navegar i utilitzar les funcions d\u2019un lloc web, o per obtenir els serveis que sol\u00b7licites. No necessitem el teu consentiment per utilitzar aquest tipus de cookies.<\/p>\n\n\n\n<p>Cookies de personalitzaci\u00f3: aquestes cookies permeten que el lloc web recordi les eleccions que fas (com el teu nom d\u2019usuari, el teu idioma o la zona on et trobes), i ofereixen funcions millors i m\u00e9s personals.<\/p>\n\n\n\n<p>Cookies d\u2019an\u00e0lisi: aquestes cookies recopilen informaci\u00f3 sobre com utilitzes un lloc web, per exemple, les p\u00e0gines que visites m\u00e9s sovint, o si reps missatges d\u2019error. Aquestes cookies no recullen informaci\u00f3 que t\u2019identifiqui. Tota la informaci\u00f3 recollida per aquestes cookies \u00e9s agregada i, per tant, an\u00f2nima. Nom\u00e9s s\u2019utilitzen per millorar la manera de funcionament del lloc web.<\/p>\n\n\n\n<p>Cookies publicit\u00e0ries: aquestes cookies s\u2019utilitzen per mostrar publicitat rellevant per als teus gustos i interessos. Tamb\u00e9 s\u2019utilitzen per limitar el nombre de vegades que veus un mateix anunci publicitari i, a m\u00e9s, ajuden a mesurar l\u2019efic\u00e0cia d\u2019una campanya de publicitat. Les xarxes publicit\u00e0ries solen ser les encarregades d\u2019instal\u00b7lar, amb perm\u00eds de l\u2019operador del lloc web. Aquestes cookies recorden que ja has visitat un lloc web amb anterioritat, i comparteixen aquesta informaci\u00f3 amb altres organitzacions, com els anunciants.<\/p>\n\n\n\n<p>La nostra p\u00e0gina web utilitza molt poques cookies.<\/p>\n\n\n\n<p>Cookies de personalitzaci\u00f3: Utilitzem \u00fanicament una cookie de personalitzaci\u00f3 d\u2019origen, que anomenem cooki, aquesta cookie ens permet detectar si has vist la informaci\u00f3 sobre la nostra pol\u00edtica de cookies i evita que el lloc web torni a mostrar el missatge informatiu. Es tracta d\u2019una cookie permanent amb una durada de 2 anys. No utilitzem cookies de personalitzaci\u00f3 de tercers.<\/p>\n\n\n\n<p>Cookies d\u2019an\u00e0lisi de tercers: que fem servir per a la generaci\u00f3 d\u2019estad\u00edstiques de visita a Google Analytics. Google Analytics \u00e9s un servei d\u2019anal\u00edtica web proporcionat per Google que instal\u00b7la cookies per avaluar els nostres serveis online i per proporcionar informes sobre l\u2019\u00fas que fan els usuaris sobre els nostres serveis, d\u2019aquesta manera comprovem i millorem la nostra p\u00e0gina web. Google Analytics utilitza tant cookies de sessi\u00f3 com cookies permanents. Aquestes \u00faltimes solen tenir una durada que va des dels sis mesos fins als dos anys.<\/p>\n\n\n\n<p>Tingues en compte que no utilitzem cap galeta anal\u00edtica per recopilar informaci\u00f3 personal que t\u2019identifiqui. Excepte en el cas descrit anteriorment, mai compartim amb tercers la informaci\u00f3 recollida amb cookies.<\/p>\n\n\n\n<p>Pots administrar i controlar la configuraci\u00f3 de les cookies de diverses formes. No oblidis que, si esborres o deshabilites les cookies, algunes o totes les p\u00e0gines web que visiteu (o funcions d\u2019aquestes p\u00e0gines) no funcionaran correctament o tan efica\u00e7ment com abans. La majoria dels navegadors web et proporcionaran informaci\u00f3 general sobre cookies, permetent veure quines cookies tens, esborrar-les totes o per separat, i tamb\u00e9 bloquejar o permetre cookies de totes les p\u00e0gines web o de p\u00e0gines web seleccionades individualment. Tamb\u00e9 pots desactivar cookies publicit\u00e0ries de tercers per separat. Tingues en compte que si configures la configuraci\u00f3 de cookies des del teu navegador web, els canvis afectaran totes les p\u00e0gines web que visites (no nom\u00e9s la nostra), llevat que esborris o bloquegis cada cookie per separat.<\/p>\n\n\n\n<p>Deshabilitar cookies des del teu navegador web<br>Trobar\u00e0s informaci\u00f3 sobre cookies a l\u2019apartat de \u00abAjuda\u00bb del navegador web.<\/p>\n\n\n\n<p>Deshabilitar cookies de tercers<br>Pots desactivar les cookies d\u2019Adobe Flash Player de tercers visitant el seg\u00fcent enlla\u00e7: Adobe Flash Player<br>Pots evitar que les galetes d\u2019execuci\u00f3 de tercers que utilitzem guardin la informaci\u00f3 dels teus moviments a la web de forma an\u00f2nima visitant la p\u00e0gina web de la companyia corresponent: Google Analytics<\/p>\n\n\n\n<p>Recorda que si deshabilites les cookies d\u2019an\u00e0lisi esmentades, no podem saber el qu\u00e8 t\u2019agrada o no t\u2019agrada de la nostra p\u00e0gina. Aix\u00ed ens resulta m\u00e9s dif\u00edcil millorar el nostre lloc web i millorar la teva experi\u00e8ncia d\u2019usuari.<\/p>\n\n\n\n<p><strong>Finalitat del tractament de les dades personals: Amb quina finalitat tractarem les teves dades personals?<\/strong>&nbsp;<\/p>\n\n\n\n<p>Al Club d\u2019Atletisme Nou Barris, tractarem les teves dades personals recaptades a trav\u00e9s del Lloc web: www.canb.cat i www.cursanoubarris.cat, amb les seg\u00fcents finalitats:<\/p>\n\n\n\n<ol class=\"wp-block-list\">\n<li>En cas de contractaci\u00f3 dels b\u00e9ns i serveis oferts a trav\u00e9s del Club, per mantenir la relaci\u00f3 contractual, aix\u00ed com la gesti\u00f3, administraci\u00f3, informaci\u00f3, prestaci\u00f3 i millora del servei.<\/li>\n\n\n\n<li>Enviament d\u2019informaci\u00f3 sol\u00b7licitada a trav\u00e9s dels formularis disposats en\u00a0www.canb.cat i www.cursanoubarris.cat<\/li>\n\n\n\n<li>Remetre butlletins (newsletters), aix\u00ed com comunicacions comercials de promocions i\/o publicitat del Club d\u2019Atletisme Nou Barris i del sector.<\/li>\n<\/ol>\n\n\n\n<p>Et recordem que pots oposar-te a l\u2019enviament de comunicacions comercials per qualsevol via i a qualsevol moment, remetent un correu electr\u00f2nic a l\u2019adre\u00e7a indicada anteriorment. Els camps d\u2019aquests registres s\u00f3n d\u2019emplenament obligatori, sent impossible realitzar les finalitats expressades si no s\u2019aporten aquestes dades.Per quant temps es conserven les dades personals recaptades? Les dades personals proporcionades es conservaran mentre es mantingui la relaci\u00f3 comercial o no sol\u00b7licitis la seva supressi\u00f3 i durant el termini pel quin poguessin derivar-se responsabilitats legals pels serveis prestats.<\/p>\n\n\n\n<p><strong>Legitimaci\u00f3:<\/strong><\/p>\n\n\n\n<p>El tractament de les teves dades es realitza amb les seg\u00fcents bases jur\u00eddiques que legitimen el mateix:<\/p>\n\n\n\n<ol class=\"wp-block-list\">\n<li>La sol\u00b7licitud d\u2019informaci\u00f3 i\/o la contractaci\u00f3 dels serveis del Club, els termes dels quals i condicions es posaran a la teva disposici\u00f3 en tot cas, de forma pr\u00e8via a una eventual contractaci\u00f3.<\/li>\n\n\n\n<li>El consentiment lliure, espec\u00edfic, informat i inequ\u00edvoc, mentre que t\u2019informem posant a la teva disposici\u00f3 la present pol\u00edtica de privadesa, que despr\u00e9s de la lectura de la mateixa, en cas d\u2019estar conformi, pots acceptar mitjan\u00e7ant una declaraci\u00f3 o una clara acci\u00f3 afirmativa, com el marcat d\u2019una casella disposada a aquest efecte. En cas que no ens facilitis les teves dades o ho facis de forma err\u00f2nia o incompleta, no podrem atendre la teva sol\u00b7licitud, resultant del tot impossible proporcionar-te la informaci\u00f3 sol\u00b7licitada o dur a terme la contractaci\u00f3 dels serveis.<\/li>\n<\/ol>\n\n\n\n<p><strong>Destinataris:<\/strong><\/p>\n\n\n\n<p>Les dades no es comunicaran a cap tercer ali\u00e8 al Club d\u2019Atletisme Nou Barris, excepte obligaci\u00f3 legal. Com a encarregats de tractament, tenim contractats als seg\u00fcents prove\u00efdors de serveis, havent-se comprom\u00e8s al compliment de les disposicions normatives, d\u2019aplicaci\u00f3 en mat\u00e8ria de protecci\u00f3 de dades, al moment de la seva contractaci\u00f3:<\/p>\n\n\n\n<p>Club d\u2019Atletisme Nou Barris, amb domicili en Via Fav\u00e8ncia, 446-450, 08016 Barcelona i CIF&nbsp;G-58300013&nbsp;presta serveis de Club Esportiu.<\/p>\n\n\n\n<p>Pot consultar la pol\u00edtica de privadesa i altres aspectes legals de la companyia al seg\u00fcent enlla\u00e7:&nbsp;http:\/\/www.canb.cat\/web\/politica-de-privacitat<\/p>\n\n\n\n<p><strong>Dades recopilades per usuaris dels serveis<\/strong><\/p>\n\n\n\n<p>En els casos en qu\u00e8 l\u2019usuari inclogui fitxers amb dades de car\u00e0cter personal en els servidors d\u2019allotjament compartit,&nbsp;Club d\u2019Atletisme Nou Barris&nbsp;no es fa responsable de l\u2019incompliment per part de l\u2019usuari del RGPD.<\/p>\n\n\n\n<p><strong>Retenci\u00f3 de dades en conformitat a la LSSI<\/strong><\/p>\n\n\n\n<p>El Club d\u2019Atletisme Nou Barris informa que, com a prestador de servei d\u2019allotjament de dades i en virtut de l\u2019establert en la Llei 34\/2002 d\u201911 de juliol de Serveis de la Societat de la Informaci\u00f3 i de Comer\u00e7 Electr\u00f2nic (LSSI), ret\u00e9 per un per\u00edode m\u00e0xim de 12 mesos la informaci\u00f3 imprescindible per identificar l\u2019origen de les dades allotjades i el moment en qu\u00e8 es va iniciar la prestaci\u00f3 del servei. La retenci\u00f3 d\u2019aquestes dades no afecta al secret de les comunicacions i nom\u00e9s podran ser utilitzats en el marc d\u2019una recerca criminal o per la salvaguardia de la seguretat p\u00fablica, posant-se a la disposici\u00f3 dels jutges i\/o tribunals o del Ministeri que aix\u00ed els requereixi.<\/p>\n\n\n\n<p>La comunicaci\u00f3 de dades a les Forces i Cossos de l\u2019Estat es far\u00e0 en virtut al que es disposa en la normativa sobre protecci\u00f3 de dades personals.<\/p>\n\n\n\n<p><strong>Drets propietat intel\u00b7lectual&nbsp;<\/strong><\/p>\n\n\n\n<p>Club d\u2019Atletisme Nou Barris&nbsp;\u00e9s titular de tots els drets d\u2019autor, propietat intel\u00b7lectual, industrial, \u00abknow how\u00bb i quants altres drets guarden relaci\u00f3 amb els continguts del lloc web www.canb.cat i els serveis oferts en el mateix, aix\u00ed com dels programes necessaris per a la seva implementaci\u00f3 i la informaci\u00f3 relacionada. No es permet la reproducci\u00f3, publicaci\u00f3 i\/o \u00fas no estrictament privat dels continguts, totals o parcials, del lloc web&nbsp;www.canb.cat sense el consentiment previ i per escrit.<\/p>\n\n\n\n<p><strong>Propietat intel\u00b7lectual del programari.<\/strong><\/p>\n\n\n\n<p>L\u2019usuari ha de respectar els programes de tercers llocs a la seva disposici\u00f3 per www.canb.cat i www.cursanoubarris.cat, \u00e0dhuc sent gratu\u00efts i\/o de disposici\u00f3 p\u00fablica.&nbsp;<\/p>\n\n\n\n<p>El Club d\u2019Atletisme Nou Barris&nbsp;disposa dels drets d\u2019explotaci\u00f3 i propietat intel\u00b7lectual necessaris del programari.<\/p>\n\n\n\n<p>L\u2019usuari no adquireix dret algun o llic\u00e8ncia pel servei contractat, sobre el programari necessari per a la prestaci\u00f3 del servei, ni tampoc sobre la informaci\u00f3 t\u00e8cnica de seguiment del servei, excepci\u00f3 feta dels drets i llic\u00e8ncies necessaris per al compliment dels serveis contractats i \u00fanicament durant la durada dels mateixos.<\/p>\n\n\n\n<p>Per a tota actuaci\u00f3 que excedeixi del compliment del contracte, l\u2019usuari necessitar\u00e0 autoritzaci\u00f3 per escrit per part de Club d\u2019Atletisme Nou Barris, quedant prohibit a l\u2019usuari accedir, modificar, visualitzar la configuraci\u00f3, estructura i fitxers dels servidors propietat del Club, assumint la responsabilitat civil i penal derivada de qualsevol incid\u00e8ncia que es pogu\u00e9s produir en els servidors i sistemes de seguretat com a conseq\u00fc\u00e8ncia directa d\u2019una actuaci\u00f3 negligent o maliciosa per la seva banda<\/p>\n\n\n\n<p><strong>Propietat intel\u00b7lectual dels continguts allotjats<\/strong><\/p>\n\n\n\n<p>Es prohibeix l\u2019\u00fas contrari a la legislaci\u00f3 sobre propietat intel\u00b7lectual dels serveis prestats per&nbsp;www.canb.cat i, en particular de:<\/p>\n\n\n\n<ul class=\"wp-block-list\">\n<li>La utilitzaci\u00f3 que resulti contr\u00e0ria a les lleis espanyoles o que infringeixi els drets de tercers.<\/li>\n\n\n\n<li>La publicaci\u00f3 o la transmissi\u00f3 de qualsevol contingut que, segons el parer del Club d\u2019Atletisme Nou Barris, resulti violent, obsc\u00e8, abusiu, il\u00b7legal, racial, xen\u00f2fob o difamatori.<\/li>\n\n\n\n<li>Els cracks, nombres de s\u00e8rie de programes o qualsevol altre contingut que vulneri drets de la propietat intel\u00b7lectual de tercers.<\/li>\n\n\n\n<li>La recollida i\/o utilitzaci\u00f3 de dades personals d\u2019altres usuaris sense el seu consentiment expr\u00e9s o contravenint el que es disposa en Reglament (UE) 2016\/679 del Parlament Europeu i del Consell, de 27 d\u2019abril de 2016, relatiu a la protecci\u00f3 de les persones f\u00edsiques pel que fa al tractament de dades personals i a la lliure circulaci\u00f3 dels mateixos.<\/li>\n\n\n\n<li>La utilitzaci\u00f3 del servidor de correu del domini i de les adreces de correu electr\u00f2nic per a l\u2019enviament de correu massiu no desitjat.<\/li>\n<\/ul>\n\n\n\n<p>L\u2019usuari t\u00e9 tota la responsabilitat sobre el contingut del seu web, la informaci\u00f3 transmesa i emmagatzemada, els enlla\u00e7os d\u2019hipertext, les reivindicacions de tercers i les accions legals en refer\u00e8ncia a propietat intel\u00b7lectual, drets de tercers i protecci\u00f3 de menors.<\/p>\n\n\n\n<p>L\u2019usuari \u00e9s responsable respecte a les lleis i reglaments en vigor i les regles que tenen a veure amb el funcionament del servei online, comer\u00e7 electr\u00f2nic, drets d\u2019autor, manteniment de l\u2019ordre p\u00fablic, aix\u00ed com principis universals d\u2019\u00fas d\u2019Internet.<\/p>\n\n\n\n<p>L\u2019usuari indemnitzar\u00e0 al Club per les despeses que gener\u00e9s la imputaci\u00f3 de www.canb.cat en alguna causa la responsabilitat de la qual fos atribu\u00efble a l\u2019usuari, inclosos honoraris i despeses de defensa jur\u00eddica, fins i tot en el cas d\u2019una decisi\u00f3 judicial no definitiva.<\/p>\n\n\n\n<p><strong>Protecci\u00f3 de la informaci\u00f3 allotjada<\/strong><\/p>\n\n\n\n<p>El Club d\u2019Atletisme Nou Barris realitza c\u00f2pies de seguretat dels continguts allotjats en els seus servidors, no obstant aix\u00f2 no es responsabilitza de la p\u00e8rdua o l\u2019esborrat accidental de les dades per part dels usuaris. D\u2019igual manera, no garanteix la reposici\u00f3 total de les dades esborrades pels usuaris, ja que les citades dades podrien haver estat suprimits i\/o modificats durant el per\u00edode del temps transcorregut des de l\u2019\u00faltima c\u00f2pia de seguretat.<\/p>\n\n\n\n<p>Els serveis oferts, excepte els serveis espec\u00edfics de backup, no inclouen la reposici\u00f3 dels continguts conservats en les c\u00f2pies de seguretat realitzades per el Club, quan aquesta p\u00e8rdua sigui imputable a l\u2019usuari; en aquest cas, es determinar\u00e0 una tarifa concorde a la complexitat i volum de la recuperaci\u00f3, sempre pr\u00e8via acceptaci\u00f3 de l\u2019usuari.<\/p>\n\n\n\n<p>La reposici\u00f3 de dades esborrades nom\u00e9s est\u00e0 inclosa en el preu del servei quan la p\u00e8rdua del contingut sigui deguda a causes atribu\u00efbles al Club.<\/p>\n\n\n\n<p><strong>Comunicacions comercials<\/strong><\/p>\n\n\n\n<p>En aplicaci\u00f3 de la LSSI. el Club d\u2019Atletisme Nou Barris no enviar\u00e0 comunicacions publicit\u00e0ries o promocionals per correu electr\u00f2nic o un altre mitj\u00e0 de comunicaci\u00f3 electr\u00f2nica equivalent que pr\u00e8viament no haguessin estat sol\u00b7licitades o expressament autoritzades pels destinataris de les mateixes.<\/p>\n\n\n\n<p>En el cas d\u2019usuaris amb els quals existeixi una relaci\u00f3 contractual pr\u00e8via,&nbsp;el Club d\u2019Atletisme Nou Barris s\u00ed est\u00e0 autoritzat a l\u2019enviament de comunicacions comercials referents a productes o serveis del Club que siguin similars als quals inicialment van ser objecte de contractaci\u00f3 amb el client.<\/p>\n\n\n\n<p>En tot cas, l\u2019usuari, despr\u00e9s d\u2019acreditar la seva identitat, podr\u00e0 sol\u00b7licitar que no se li faci arribar m\u00e9s informaci\u00f3 comercial a trav\u00e9s dels canals d\u2019Atenci\u00f3 al Client.<\/p>\n","protected":false},"excerpt":{"rendered":"<p>Protecci\u00f3 de dades de car\u00e0cter personal segons la LOPD El Club d\u2019Atletisme Nou Barris, en aplicaci\u00f3 de la normativa vigent en mat\u00e8ria de protecci\u00f3 de dades de car\u00e0cter personal, informa que les dades personals que es recullen a trav\u00e9s dels formularis del Lloc web: www.canb.cat i www.cursanoubarris.cat, s\u2019inclouen en els fitxers automatitzats espec\u00edfics d\u2019usuaris dels &hellip; <\/p>\n<p class=\"link-more\"><a href=\"https:\/\/canb.cat\/clubnoubarris\/index.php\/politica_privacitat\/\" class=\"more-link\">Leer m\u00e1s<span class=\"screen-reader-text\"> \u00abPol\u00edtica privacitat\u00bb<\/span><\/a><\/p>\n","protected":false},"author":1,"featured_media":0,"parent":0,"menu_order":0,"comment_status":"closed","ping_status":"open","template":"","meta":{"_inspiro_hide_title":false,"footnotes":""},"class_list":["post-3","page","type-page","status-publish","hentry"],"publishpress_future_action":{"enabled":false,"date":"2026-04-14 22:24:51","action":"change-status","newStatus":"draft","terms":[],"taxonomy":"","extraData":[]},"publishpress_future_workflow_manual_trigger":{"enabledWorkflows":[]},"_links":{"self":[{"href":"https:\/\/canb.cat\/clubnoubarris\/index.php\/wp-json\/wp\/v2\/pages\/3","targetHints":{"allow":["GET"]}}],"collection":[{"href":"https:\/\/canb.cat\/clubnoubarris\/index.php\/wp-json\/wp\/v2\/pages"}],"about":[{"href":"https:\/\/canb.cat\/clubnoubarris\/index.php\/wp-json\/wp\/v2\/types\/page"}],"author":[{"embeddable":true,"href":"https:\/\/canb.cat\/clubnoubarris\/index.php\/wp-json\/wp\/v2\/users\/1"}],"replies":[{"embeddable":true,"href":"https:\/\/canb.cat\/clubnoubarris\/index.php\/wp-json\/wp\/v2\/comments?post=3"}],"version-history":[{"count":1,"href":"https:\/\/canb.cat\/clubnoubarris\/index.php\/wp-json\/wp\/v2\/pages\/3\/revisions"}],"predecessor-version":[{"id":56,"href":"https:\/\/canb.cat\/clubnoubarris\/index.php\/wp-json\/wp\/v2\/pages\/3\/revisions\/56"}],"wp:attachment":[{"href":"https:\/\/canb.cat\/clubnoubarris\/index.php\/wp-json\/wp\/v2\/media?parent=3"}],"curies":[{"name":"wp","href":"https:\/\/api.w.org\/{rel}","templated":true}]}}