{"id":204,"date":"2025-12-11T15:27:50","date_gmt":"2025-12-11T15:27:50","guid":{"rendered":"https:\/\/canb.cat\/clubnoubarris\/?page_id=204"},"modified":"2025-12-29T13:09:44","modified_gmt":"2025-12-29T12:09:44","slug":"atleta","status":"publish","type":"page","link":"https:\/\/canb.cat\/clubnoubarris\/index.php\/atleta\/","title":{"rendered":"Fes-te soci o atleta"},"content":{"rendered":"\n<div style=\"height:16px\" aria-hidden=\"true\" class=\"wp-block-spacer\"><\/div>\n\n\n\n<div class=\"wp-block-columns are-vertically-aligned-top is-layout-flex wp-container-core-columns-is-layout-d7d455e7 wp-block-columns-is-layout-flex\" style=\"padding-top:0;padding-right:0;padding-bottom:0;padding-left:0\">\n<div class=\"wp-block-column is-vertically-aligned-top is-layout-flow wp-block-column-is-layout-flow\" style=\"padding-right:7%;flex-basis:50%\">\n<p class=\"has-text-color\" style=\"color:#0bb4aa\">INFORMACI\u00d3<\/p>\n\n\n\n<h2 class=\"wp-block-heading has-large-font-size\">Modalitats i activitats<\/h2>\n<\/div>\n\n\n\n<div class=\"wp-block-column is-vertically-aligned-top is-layout-flow wp-block-column-is-layout-flow\" style=\"flex-basis:50%\"><\/div>\n<\/div>\n\n\n\n<p>Atletes de l&#8217;escola d&#8217;atletisme:&nbsp;des de prebenjamins fins a cadets, reben formaci\u00f3 personalitzada per part de t\u00e8cnics titulats en l&#8217;atletisme i poden participar en proves organitzades per la Federaci\u00f3 Catalana i Espanyola d&#8217;Atletisme, prenen part en proves individuals i per equips. Representen al Club a nivell de promoci\u00f3 (els cadets tamb\u00e9 a nivell absolut). S\u00f3n atletes federats i per tant reben la cobertura a tal efecte de la Federaci\u00f3 Catalana d&#8217;Atletisme, a partir de cadet tamb\u00e9 poden obtenir llic\u00e8ncia de la Federaci\u00f3 Espanyola d&#8217;Atletisme.&nbsp;<br><br>Tecnificaci\u00f3 d&#8217;atletes:&nbsp; Des de juvenil a veterans, perfeccionen la formaci\u00f3 b\u00e0sica i busquen una vessant m\u00e9s completa, competitiva o professional de l&#8217;atletisme, tutelats de manera personal per t\u00e8cnics titulats especialitzats per disciplines, poden participar en proves de la Federaci\u00f3 Catalana i Espanyola. S&#8217;especialitzen en alguna modalitat o disciplina concreta com salts, velocitat, tanques, mig fons, fons i llan\u00e7aments. Representen al Club a nivell absolut. S\u00f3n atletes federats i per tant reben la cobertura a tal efecte de la Federaci\u00f3 Catalana d&#8217;Atletisme, tamb\u00e9 poden obtenir la llic\u00e8ncia de la Federaci\u00f3 Espanyola d&#8217;Atletisme.<br><br>Secci\u00f3 d&#8217;adaptats:&nbsp;Atletes amb discapacitats f\u00edsiques o ps\u00edquiques amb atenci\u00f3 personalitzada.<br><br>La temporada d&#8217;atletisme comen\u00e7a l&#8217;1 de&nbsp;gener de cada any. Busquem sempre que es pugui, la integraci\u00f3 dels atletes dintre dels grups ordinaris.<br><br>Soci col\u00b7laborador: Soci dedicat al running amb objectius m\u00e9s individuals encara que es pot entrenar en grup, no rep formaci\u00f3 personalitzada per\u00f2 si t\u00e9 a disposici\u00f3 un t\u00e8cnic que li passar\u00e0 un planning d&#8217;entrenament i atendr\u00e0 els seus dubtes. Hi ha dos grans grups d&#8217;entrenament a la tarda i es fan trobades i curses conjuntes els caps de setmana. Opcionalment pot federar-se.&nbsp;<br><br>Soci manteniment:&nbsp;Grup de manteniment esportiu amb entrenaments amb pres\u00e8ncia d&#8217;un t\u00e8cnic del Club.&nbsp; Aquest grup est\u00e0 pensat per a pares d&#8217;atletes de promoci\u00f3 que volen fer una mica d&#8217;activitat f\u00edsica mentre els seus fills fan l&#8217;entrenament.<br><br>Qualsevol soci o atleta del Canb pot tramitar sense cost addicional a la quota, la llic\u00e8ncia federativa de la Federaci\u00f3 d&#8217;entitats Excursionistes de Catalunya&nbsp;(nom\u00e9s es paga el preu de la llic\u00e8ncia escollida) a trav\u00e9s del Club. Per al Club tindr\u00e0 especial tractament la modalitat de curses de muntanya, ja que \u00e9s la vessant m\u00e9s propera al running, encara que poden endinsar-se en qualsevol dels calendaris de proves de la Feec. Recordem el grau de responsabilitat i formaci\u00f3 que requereixen totes aquestes disciplines aix\u00ed com el sempre present respecte a l&#8217;entorn natural.<br><br>Soci virtual excursionisme:&nbsp;Modalitat adre\u00e7ada aquelles persones que nom\u00e9s vulguin obtenir la llic\u00e8ncia federativa a trav\u00e9s del nostre Club, no obstant el Canb podr\u00e0 impulsar activitats convidant o informant de les mateixes als socis virtuals i sempre per mitjans electr\u00f3nics. <\/p>\n\n\n\n<hr class=\"wp-block-separator has-alpha-channel-opacity is-style-wide\"\/>\n\n\n\n<h2 class=\"wp-block-heading has-large-font-size\">Dies i horaris<\/h2>\n\n\n\n<p>Podeu consultar els horaris d&#8217;entrenament a cada secci\u00f3: escola d&#8217;atletisme, tecnificaci\u00f3 i adaptats <br>Els atletes de les categories des de prebenjam\u00ed fins a infantil poden accedir a les instalacions en l&#8217;horari i dies de l&#8217;escola assignats. Els acompanyants dels menors podran accedir a l&#8217;instal\u00b7laci\u00f3 situant-se a la zona de grades.<\/p>\n\n\n\n<p>Els atletes de cadet a veter\u00e0 i els socis col\u00b7laboradors poden accedir a les instal\u00b7lacions atl\u00e8tiques en qualsevol dia i hora, sempre dintre de l&#8217;horari i per\u00edode d&#8217;obertura i no nom\u00e9s quan hi hagi entrenament col\u00b7lectiu.<\/p>\n\n\n\n<p>Els socis d&#8217;entrenament i del grup de manteniment nom\u00e9s poden accedir a les zones access\u00f2ries de les instal\u00b7lacions atl\u00e8tiques en l&#8217;horari d&#8217;entrenament de grup, no de manera individual.<\/p>\n\n\n\n<hr class=\"wp-block-separator has-alpha-channel-opacity is-style-wide\"\/>\n\n\n\n<h2 class=\"wp-block-heading has-large-font-size\">Instal\u00b7lacions<\/h2>\n\n\n\n<p>Els atletes federats (escola i tecnificaci\u00f3) i socis col\u00b7laboradors poden fer servir totes les instal\u00b7lacions atl\u00e8tiques,<\/p>\n\n\n\n<p>Els socis d&#8217;entrenament no poden fer servir cap instal\u00b7laci\u00f3 atl\u00e8tica.<\/p>\n\n\n\n<p>La potestat d&#8217;\u00fas dels espais i instalacions seran marcades pels t\u00e8cnics en periodes d&#8217;entrenament col\u00b7lectiu. Heu de seguir les normes d&#8217;\u00fas del recinte esportiu publicades a l&#8217;expositor a l&#8217;efecte i a les normes general de funcionament del centre.<\/p>\n\n\n\n<p>* Instal\u00b7lacions atl\u00e8tiques: Pista d&#8217;atletisme, zona de salts i llan\u00e7aments, zona central de gespa i zones access\u00f2ries com s\u00f3n el per\u00edmetre i entorn d&#8217;escalfament (circuit de sorra, zona d&#8217;arbrat, etc&#8230;), els vestuaris, serveis i dutxes, la sala de musculaci\u00f3, les taquilles i les grades.<\/p>\n\n\n\n<hr class=\"wp-block-separator has-alpha-channel-opacity is-style-wide\"\/>\n\n\n\n<h2 class=\"wp-block-heading has-large-font-size\">Llic\u00e8ncies<\/h2>\n\n\n\n<p>Podeu consultar les cobertures i avantatges de les llic\u00e8ncies a les webs de cada Federaci\u00f3:<br>Federaci\u00f3 Catalada d&#8217;Atletisme<br>Llic\u00e8ncia d&#8217;excursionisme<br><\/p>\n\n\n\n<hr class=\"wp-block-separator has-alpha-channel-opacity is-style-wide\"\/>\n\n\n\n<h2 class=\"wp-block-heading has-large-font-size\">Preus<\/h2>\n\n\n\n<p>Podeu consultar el preus i descomptes al <a href=\"http:\/\/canb.cat\/clubnoubarris\/wp-content\/uploads\/2025\/12\/Quotes2026.pdf\" target=\"_blank\" rel=\"noreferrer noopener\">full de quotes.<\/a><\/p>\n\n\n\n<hr class=\"wp-block-separator has-alpha-channel-opacity is-style-wide\"\/>\n\n\n\n<h2 class=\"wp-block-heading has-large-font-size\">Inscripci\u00f3<\/h2>\n\n\n\n<p>Inscripcions de nou socis (nom\u00e9s es fa una vegada) emplenant el\u00a0<a href=\"https:\/\/app.canb.cat\/formulari\/atleta\" target=\"_blank\" rel=\"noreferrer noopener\">formulari d&#8217;inscripci\u00f3<\/a> (hi ha categories que per apuntar-se cal estar autoritzat per part del club ja que la secci\u00f3 pot estar plena). Tamb\u00e9 hi ha un periode de pre-inscripci\u00f3 abans de l&#8217;nici de cada temporada.<br><br><\/p>\n\n\n\n<hr class=\"wp-block-separator has-alpha-channel-opacity is-style-wide\"\/>\n\n\n\n<h2 class=\"wp-block-heading has-large-font-size\">Documentaci\u00f3<\/h2>\n\n\n\n<p>Tota la documentaci\u00f3 la podeu enviar per correu electr\u00f2nic a&nbsp;info@canb.cat&nbsp;o entregar-la al secretari a les pistes de Can Drag\u00f3 els dies d&#8217;entrenament.<br>Una vegada feta la inscripci\u00f3 on line rebreu un correu on us informarem dels papers a presentar, b\u00e0sicament s\u00f3n:<\/p>\n\n\n\n<p>Documentaci\u00f3 Escola d&#8217;atletisme:<br><br><em>Si ets nou al club, has de portar:<\/em><br><br>1- Fotoc\u00f2pia dni, nie o llibre de fam\u00edlia (&gt;14 anys)<br>2- Fotoc\u00f2pia targeta sanit\u00e0ria -CatSalut-<br>3-&nbsp;<a href=\"http:\/\/canb.cat\/clubnoubarris\/wp-content\/uploads\/2025\/12\/Certificat_Salut.pdf\" target=\"_blank\" rel=\"noreferrer noopener\">Certificat de salut escola<\/a> complimentat<br>4- C\u00f2pia rebut bancari del primer pagament (en el cas de domiciliacions) o c\u00f2pia rebut del pagament \u00fanic.<br>5- C\u00f2pia documentaci\u00f3 justificant de descomptes (fam\u00edlia nombrosa, monoparental, etc&#8230;)<br><br><em>Si ja ets atleta, has de portar (al principi de cada curs)<\/em><br><br>1-&nbsp;<a href=\"http:\/\/canb.cat\/clubnoubarris\/wp-content\/uploads\/2025\/12\/Certificat_Salut.pdf\" target=\"_blank\" rel=\"noreferrer noopener\">Certificat de salut escola<\/a> complimentat&nbsp;<br>2- Documents renovats (Dni, fam\u00edlia nombrosa,etc..) i la foto si est\u00e0 desfasada o voleu canviar-la.<br>3- C\u00f2pia rebut bancari del primer pagament (en el cas de domiciliacions) o c\u00f2pia rebut del pagament \u00fanic.<br><br>Documentaci\u00f3 Atletes de juvenil fins veterans i socis.<br><br><em>Si ets nou al Club, has de portar:<\/em><br><br>1- Fotoc\u00f2pia dni o nie<br>2a- Si ets atleta: Revisi\u00f3 m\u00e8dica segons directrius de la Federaci\u00f3, a partir de j\u00fanior i en el cas de llic\u00e8ncia nova.<br>2b- Si ets soci:&nbsp;<a href=\"http:\/\/canb.cat\/clubnoubarris\/wp-content\/uploads\/2025\/12\/Certificat_Salut_Socis.pdf\" target=\"_blank\" rel=\"noreferrer noopener\">Certificat de salut socis<\/a> complimentat<br>3- C\u00f2pia rebut bancari del primer pagament (en el cas de domiciliacions) o c\u00f2pia rebut del pagament \u00fanic.<br>4- C\u00f2pia documentaci\u00f3 justificant de descomptes (fam\u00edlia nombrosa, monoparental, etc&#8230;)<br><br><em>Si ja ets del Canb, has de portar<\/em>&nbsp;(a principi de cada temporada)<br><br>1-&nbsp;<a href=\"http:\/\/canb.cat\/clubnoubarris\/wp-content\/uploads\/2025\/12\/Certificat_Salut_Socis.pdf\" target=\"_blank\" rel=\"noreferrer noopener\">Certificat de salut socis<\/a> complimentat<br>2- Documents renovats (Dni, fam\u00edlia nombrosa,etsc..) i la foto si est\u00e0 desfasada o voleu canviar-la.<br>3- C\u00f2pia rebut bancari del primer pagament (en el cas de domiciliacions) o c\u00f2pia rebut del pagament \u00fanic.<br><br>Documentaci\u00f3 grup de manteniment<br><br>Si ets nou al Club, has de portar Fotoc\u00f2pia dni o nie i a principi de cada curs el model de certificat de salut complimentat.<\/p>\n\n\n\n<hr class=\"wp-block-separator has-alpha-channel-opacity is-style-wide\"\/>\n\n\n\n<h2 class=\"wp-block-heading has-large-font-size\">Llic\u00e8ncia d&#8217;excursionisme <\/h2>\n\n\n\n<p>Si ets soci o atleta del Canb pots tramitar sense cost addicional a la quota del Club la llic\u00e8ncia de la Federaci\u00f3 d&#8217;Entitats Excursionistes de Catalunya. Es paga la llic\u00e8ncia en funci\u00f3 de la modalitat escollida.<\/p>\n\n\n\n<p>Si sou pares o fill d&#8217;atleta del Canb podeu tramitar la llic\u00e8ncia amb el Club amb un cost addicional de nom\u00e9s 5 euros que heu de sumar al preu de la llic\u00e8ncia escollida.<\/p>\n\n\n\n<p>Si no sou socis, tamb\u00e9 podeu fer el tr\u00e0mit a trav\u00e9s de l&#8217;opci\u00f3 de soci virtual on al preu de la llic\u00e8ncia escollida heu de sumar una quota addicional pels tr\u00e0mits&nbsp;<\/p>\n\n\n\n<p>La llic\u00e8ncia t\u00e9 una validesa de l&#8217;1 de gener al 31 de desembre de cada any.<br>Ja podeu consultar les&nbsp;<a href=\"https:\/\/www.feec.cat\/\" target=\"_blank\" rel=\"noreferrer noopener\">modalitats, cobertures i preus<\/a><\/p>\n\n\n\n<p>Per demanar el tr\u00e0mit de la llic\u00e8ncia ho heu de fer a trav\u00e9s dels seg\u00fcents formularis:<\/p>\n\n\n\n<p>\u2022&nbsp;<a href=\"https:\/\/app.canb.cat\/formulari\/feec\" target=\"_blank\" rel=\"noreferrer noopener\">Formulari per obtenir el Carnet Federatiu de la Feec<\/a>, (nom\u00e9s noves altes)<br><br>\u2022&nbsp;<a href=\"https:\/\/app.canb.cat\/formulari\/feec\/renovacio\" target=\"_blank\" rel=\"noreferrer noopener\">Formulari de renovaci\u00f3 de Carnet Federatiu de la Feec<\/a>, (nom\u00e9s renovacions)&nbsp;<\/p>\n\n\n\n<p>Abonant la quota corresponent de validaci\u00f3 es pot habilitar la llic\u00e8ncia per part de la Federaci\u00f3n Espa\u00f1ola de Deportes de Monta\u00f1a y Escalada (FEDME), gaudint dels avantatges que ofereixen les dues federacions. Hi ha moltes modalitats amb preus ajustats a l&#8217;activitat a fer o cobertures que desitgeu, val la pena estar protegit i m\u00e9s a la muntanya. A m\u00e9s de l&#8217;asseguran\u00e7a, la llic\u00e8ncia permet gaudir de tot un ventall d&#8217;avantatges i descomptes.<br><\/p>\n\n\n\n<p><\/p>\n","protected":false},"excerpt":{"rendered":"<p>INFORMACI\u00d3 Modalitats i activitats Atletes de l&#8217;escola d&#8217;atletisme:&nbsp;des de prebenjamins fins a cadets, reben formaci\u00f3 personalitzada per part de t\u00e8cnics titulats en l&#8217;atletisme i poden participar en proves organitzades per la Federaci\u00f3 Catalana i Espanyola d&#8217;Atletisme, prenen part en proves individuals i per equips. Representen al Club a nivell de promoci\u00f3 (els cadets tamb\u00e9 a &hellip; <\/p>\n<p class=\"link-more\"><a href=\"https:\/\/canb.cat\/clubnoubarris\/index.php\/atleta\/\" class=\"more-link\">Leer m\u00e1s<span class=\"screen-reader-text\"> \u00abFes-te soci o atleta\u00bb<\/span><\/a><\/p>\n","protected":false},"author":1,"featured_media":226,"parent":0,"menu_order":0,"comment_status":"closed","ping_status":"closed","template":"","meta":{"_inspiro_hide_title":false,"footnotes":""},"class_list":["post-204","page","type-page","status-publish","has-post-thumbnail","hentry"],"publishpress_future_action":{"enabled":false,"date":"2026-04-14 22:24:02","action":"change-status","newStatus":"draft","terms":[],"taxonomy":"","extraData":[]},"publishpress_future_workflow_manual_trigger":{"enabledWorkflows":[]},"_links":{"self":[{"href":"https:\/\/canb.cat\/clubnoubarris\/index.php\/wp-json\/wp\/v2\/pages\/204","targetHints":{"allow":["GET"]}}],"collection":[{"href":"https:\/\/canb.cat\/clubnoubarris\/index.php\/wp-json\/wp\/v2\/pages"}],"about":[{"href":"https:\/\/canb.cat\/clubnoubarris\/index.php\/wp-json\/wp\/v2\/types\/page"}],"author":[{"embeddable":true,"href":"https:\/\/canb.cat\/clubnoubarris\/index.php\/wp-json\/wp\/v2\/users\/1"}],"replies":[{"embeddable":true,"href":"https:\/\/canb.cat\/clubnoubarris\/index.php\/wp-json\/wp\/v2\/comments?post=204"}],"version-history":[{"count":9,"href":"https:\/\/canb.cat\/clubnoubarris\/index.php\/wp-json\/wp\/v2\/pages\/204\/revisions"}],"predecessor-version":[{"id":253,"href":"https:\/\/canb.cat\/clubnoubarris\/index.php\/wp-json\/wp\/v2\/pages\/204\/revisions\/253"}],"wp:featuredmedia":[{"embeddable":true,"href":"https:\/\/canb.cat\/clubnoubarris\/index.php\/wp-json\/wp\/v2\/media\/226"}],"wp:attachment":[{"href":"https:\/\/canb.cat\/clubnoubarris\/index.php\/wp-json\/wp\/v2\/media?parent=204"}],"curies":[{"name":"wp","href":"https:\/\/api.w.org\/{rel}","templated":true}]}}